t common divisor of 4 and 175718.
2
Calculate the greatest common factor of 33 and 3520.
11
What is the highest common factor of 7819 and 798?
7
What is the greatest common divisor of 411294 and 858?
78
What is the greatest common factor of 49085 and 5?
5
Calculate the highest common divisor of 153 and 70193.
17
Calculate the highest common factor of 336 and 91504.
112
What is the greatest common divisor of 28724 and 4676?
668
What is the greatest common divisor of 1078535 and 95?
95
What is the greatest common factor of 60 and 2830?
10
Calculate the greatest common divisor of 1813 and 19499.
37
What is the greatest common divisor of 1728 and 56268?
108
What is the highest common factor of 2769 and 4719?
39
Calculate the highest common factor of 3771 and 27.
9
What is the highest common divisor of 139152 and 195?
39
What is the greatest common divisor of 31745 and 245?
35
What is the greatest common factor of 22476 and 27?
3
Calculate the highest common divisor of 1036 and 3700.
148
Calculate the greatest common divisor of 251955 and 495.
495
Calculate the highest common factor of 28 and 22036.
28
Calculate the highest common factor of 55 and 23089.
11
What is the greatest common factor of 243 and 1316169?
81
What is the highest common divisor of 115046 and 244?
122
Calculate the highest common factor of 350 and 75180.
70
Calculate the greatest common divisor of 261 and 658590.
87
Calculate the greatest common divisor of 41741 and 534.
89
What is the greatest common divisor of 1572 and 1164?
12
Calculate the highest common factor of 181804 and 5285.
1057
Calculate the greatest common divisor of 122 and 6649.
61
Calculate the greatest common divisor of 135 and 9360.
45
Calculate the highest common factor of 6346067 and 182.
91
What is the greatest common factor of 4090 and 9407?
409
What is the greatest common factor of 559 and 4589?
13
What is the greatest common factor of 1508 and 286?
26
Calculate the greatest common factor of 3729 and 5763.
339
What is the greatest common factor of 28570 and 255?
5
Calculate the greatest common divisor of 7 and 3441.
1
What is the greatest common divisor of 24960 and 310?
10
What is the greatest common divisor of 7940 and 85?
5
What is the highest common factor of 410 and 970600?
10
What is the highest common factor of 2877 and 1427951?
959
What is the highest common divisor of 444821 and 13?
13
What is the greatest common factor of 32678 and 34?
2
Calculate the highest common divisor of 630 and 40752.
18
Calculate the greatest common factor of 570 and 5814.
114
What is the greatest common factor of 950160 and 150?
30
What is the greatest common factor of 644 and 977500?
92
What is the greatest common factor of 106029 and 119?
119
What is the highest common divisor of 1113920 and 16?
16
Calculate the greatest common factor of 14 and 2228.
2
Calculate the greatest common divisor of 101100 and 225.
75
What is the greatest common factor of 56785 and 287?
41
Calculate the greatest common divisor of 5260 and 620.
20
Calculate the greatest common divisor of 447 and 39187.
149
Calculate the highest common factor of 357 and 6594.
21
Calculate the highest common factor of 89964 and 432.
108
What is the greatest common factor of 2198 and 868?
14
What is the highest common factor of 2200 and 297700?
100
Calculate the highest common factor of 66 and 869979.
33
Calculate the greatest common factor of 220 and 47660.
20
Calculate the highest common divisor of 1192 and 48496.
8
What is the greatest common divisor of 84311 and 59?
59
Calculate the greatest common divisor of 2914 and 17296.
94
Calculate the greatest common divisor of 22657 and 1467.
163
What is the greatest common divisor of 54333 and 459?
9
What is the greatest common factor of 210 and 7000?
70
What is the highest common divisor of 1072 and 96748?
268
What is the highest common divisor of 34861 and 71?
71
Calculate the greatest common divisor of 74436 and 204.
12
Calculate the greatest common factor of 85 and 1525.
5
What is the highest common divisor of 3038 and 601958?
434
Calculate the highest common factor of 23290 and 119.
17
Calculate the highest common divisor of 58888 and 238.
34
Calculate the highest common divisor of 7048 and 1808.
8
What is the greatest common divisor of 64 and 21968?
16
What is the highest common divisor of 15465 and 285?
15
Calculate the highest common factor of 80 and 35860.
20
What is the greatest common factor of 448 and 72?
8
What is the highest common factor of 47 and 354427?
47
Calculate the highest common factor of 3136 and 640.
64
Calculate the greatest common divisor of 1 and 1029819.
1
What is the greatest common factor of 19635 and 1617?
231
What is the highest common factor of 1210 and 289795?
605
Calculate the highest common divisor of 473 and 99.
11
Calculate the greatest common divisor of 24985 and 57.
19
What is the greatest common divisor of 770 and 15232?
14
Calculate the greatest common factor of 1822713 and 573.
573
Calculate the greatest common factor of 16932 and 48756.
204
Calculate the highest common divisor of 304452 and 108.
108
Calculate the greatest common divisor of 252 and 136864.
28
What is the greatest common factor of 6231 and 279?
93
What is the highest common factor of 4410 and 25970?
490
Calculate the greatest common factor of 26871 and 613899.
2067
Calculate the greatest common divisor of 535306 and 95.
19
Calculate the greatest common divisor of 786669 and 1794.
897
Calculate the greatest common divisor of 625 and 7375.
125
What is the highest common divisor of 114618 and 48?
6
What is the highest common divisor of 1997590 and 140?
70
Calculate the greatest common factor of 19695 and 1717.
101
Calculate the highest common divisor of 1233 and 1638.
9
What is the highest common factor of 33543 and 1017?
9
Calculate the greatest common divisor of 39 and 316784.
13
Calculate the highest common factor of 23 and 603773.
23
Calculate the greatest common factor of 3302708 and 207.
23
Calculate the highest common factor of 587557 and 498.
83
Calculate the highest common factor of 20 and 1513180.
20
What is the greatest common factor of 71 and 118215?
71
Calculate the highest common factor of 208 and 60.
4
What is the highest common factor of 139239 and 23493?
573
What is the greatest common divisor of 408 and 59840?
136
What is the greatest common divisor of 26 and 1113827?
13
What is the greatest common divisor of 44420 and 11100?
20
What is the highest common factor of 40 and 1645?
5
Calculate the greatest common divisor of 26244 and 13932.
324
What is the highest common factor of 5 and 3095?
5
What is the highest common factor of 448800 and 120?
120
Calculate the greatest common factor of 26 and 549614.
26
What is the highest common divisor of 123 and 145796?
41
Calculate the greatest common factor of 256762 and 374.
22
What is the highest common factor of 2877 and 1848?
21
What is the highest common factor of 5025 and 120?
15
What is the highest common divisor of 4566529 and 1441?
1441
Calculate the greatest common factor of 6025140 and 68.
68
What is the greatest common factor of 1210 and 8580?
110
What is the greatest common divisor of 252 and 119880?
36
Calculate the greatest common factor of 606856 and 1054.
62
What is the greatest common divisor of 484704 and 918?
918
Calculate the highest common factor of 10210 and 490.
10
Calculate the highest common divisor of 103104 and 3.
3
Calculate the greatest common factor of 5520 and 945.
15
What is the highest common divisor of 702 and 6633549?
351
Calculate the greatest common divisor of 107994 and 1722.
246
What is the highest common divisor of 278 and 1807?
139
What is the greatest common factor of 32799 and 69803?
841
Calculate the greatest common factor of 1330 and 401470.
190
What is the greatest common factor of 1537352 and 992?
248
What is the greatest common divisor of 8036283 and 411?
411
Calculate the greatest common divisor of 46971 and 153.
153
What is the greatest common factor of 123 and 535952?
41
Calculate the greatest common factor of 1498 and 98.
14
What is the highest common divisor of 35870 and 255?
85
What is the highest common divisor of 84 and 4164?
12
Calculate the greatest common factor of 114018 and 372.
186
What i